{"id":59,"date":"2020-01-11T17:14:25","date_gmt":"2020-01-11T17:14:25","guid":{"rendered":"https:\/\/venturasmart.com\/mejiaesquives\/?page_id=59"},"modified":"2020-01-21T17:54:20","modified_gmt":"2020-01-21T17:54:20","slug":"nosotros","status":"publish","type":"page","link":"https:\/\/venturasmart.com\/mejiaesquives\/nosotros\/","title":{"rendered":"Nosotros"},"content":{"rendered":"<p>[et_pb_section fb_built=\u00bb1&#8243; fullwidth=\u00bbon\u00bb _builder_version=\u00bb3.18.9&#8243;][et_pb_fullwidth_image src=\u00bbhttps:\/\/venturasmart.com\/mejiaesquives\/wp-content\/uploads\/2020\/01\/nosotros_1000x333.png\u00bb _builder_version=\u00bb3.18.9&#8243;][\/et_pb_fullwidth_image][\/et_pb_section][et_pb_section fb_built=\u00bb1&#8243; _builder_version=\u00bb3.18.9&#8243; background_color=\u00bb#ffffff\u00bb][et_pb_row _builder_version=\u00bb3.18.9&#8243;][et_pb_column type=\u00bb3_5&#8243; _builder_version=\u00bb3.18.9&#8243; parallax=\u00bboff\u00bb parallax_method=\u00bbon\u00bb][et_pb_text _builder_version=\u00bb3.18.9&#8243; text_font=\u00bb|600|||||||\u00bb text_text_color=\u00bb#000000&#8243; text_font_size=\u00bb17px\u00bb header_font=\u00bb|800|||||||\u00bb]<\/p>\n<p style=\"text-align: justify;\">Mej\u00eda Esquives y Asociados, somos una Sociedad de Auditor\u00eda y Consultor\u00eda con 39 a\u00f1os de experiencia, constituida en la ciudad de Trujillo, en el a\u00f1o 1981, brindando nuestros servicios en el pa\u00eds.<\/p>\n<p style=\"text-align: justify;\">Para cumplir nuestros prop\u00f3sitos disponemos de un grupo de profesionales: Contadores P\u00fablicos, Administradores de empresas, Ingenieros y Abogados, quienes han logrado un alto nivel profesional y est\u00e1n en constante capacitaci\u00f3n y especializaci\u00f3n.<\/p>\n<p style=\"text-align: justify;\">Somos una Sociedad de Auditor\u00eda inscrita en el Colegio de Contadores P\u00fablicos de La Libertad con Matr\u00edcula N\u00b0 010; e inscrita en los Registros P\u00fablicos de la Libertad como una Sociedad Civil.<\/p>\n<p>[\/et_pb_text][\/et_pb_column][et_pb_column type=\u00bb2_5&#8243; _builder_version=\u00bb3.18.9&#8243; parallax=\u00bboff\u00bb parallax_method=\u00bbon\u00bb][et_pb_image src=\u00bbhttps:\/\/venturasmart.com\/mejiaesquives\/wp-content\/uploads\/2020\/01\/LOGO.png\u00bb _builder_version=\u00bb3.18.9&#8243; custom_margin=\u00bb100px||\u00bb custom_padding=\u00bb||\u00bb][\/et_pb_image][\/et_pb_column][\/et_pb_row][et_pb_row _builder_version=\u00bb3.18.9&#8243;][et_pb_column type=\u00bb4_4&#8243; _builder_version=\u00bb3.18.9&#8243; parallax=\u00bboff\u00bb parallax_method=\u00bbon\u00bb][et_pb_text _builder_version=\u00bb3.18.9&#8243; text_font=\u00bb|700|||||||\u00bb text_text_color=\u00bb#ffffff\u00bb text_font_size=\u00bb29px\u00bb text_line_height=\u00bb2em\u00bb background_color=\u00bb#00224C\u00bb text_orientation=\u00bbcenter\u00bb]<\/p>\n<p>Nuestro Staff<\/p>\n<p>[\/et_pb_text][\/et_pb_column][\/et_pb_row][et_pb_row _builder_version=\u00bb3.18.9&#8243;][et_pb_column type=\u00bb2_5&#8243; _builder_version=\u00bb3.18.9&#8243; parallax=\u00bboff\u00bb parallax_method=\u00bbon\u00bb][et_pb_image src=\u00bbhttps:\/\/venturasmart.com\/mejiaesquives\/wp-content\/uploads\/2020\/01\/juan_mejia.png\u00bb _builder_version=\u00bb3.18.9&#8243;][\/et_pb_image][\/et_pb_column][et_pb_column type=\u00bb3_5&#8243; _builder_version=\u00bb3.18.9&#8243; parallax=\u00bboff\u00bb parallax_method=\u00bbon\u00bb][et_pb_text _builder_version=\u00bb3.18.9&#8243;]<\/p>\n<h2><strong>Juan Vicente Mej\u00eda Esquives<\/strong><\/h2>\n<h3>Socio Principal<\/h3>\n<ul>\n<li>Doctor en Administraci\u00f3n, Magister en Contabilidad y Finanzas,\u00a0Contador P\u00fablico, Grados y T\u00edtulo otorgados por la\u00a0Universidad Nacional de Trujillo, Per\u00fa.<\/li>\n<li>Asesor y Consultor Financiero y Gesti\u00f3n de Empresas.<\/li>\n<li>Docente universitario de Pre-Grado y Postgrado de la Universidad Nacional de Trujillo y de la Universidad Nacional de Santiago Ant\u00fanez de Mayolo &#8211; Huaraz &#8211; Ancash.<\/li>\n<li>Past Decano del Colegio de Contadores P\u00fablicos de La Libertad (1998-1999), Secretario de la Junta de Decanos de Colegios de Contadores P\u00fablicos del Per\u00fa (1998-1999).<\/li>\n<\/ul>\n<p>[\/et_pb_text][\/et_pb_column][\/et_pb_row][et_pb_row _builder_version=\u00bb3.18.9&#8243;][et_pb_column type=\u00bb2_5&#8243; _builder_version=\u00bb3.18.9&#8243; parallax=\u00bboff\u00bb parallax_method=\u00bbon\u00bb][et_pb_image src=\u00bbhttps:\/\/venturasmart.com\/mejiaesquives\/wp-content\/uploads\/2020\/01\/mariano_mejia.png\u00bb _builder_version=\u00bb3.18.9&#8243;][\/et_pb_image][\/et_pb_column][et_pb_column type=\u00bb3_5&#8243; _builder_version=\u00bb3.18.9&#8243; parallax=\u00bboff\u00bb parallax_method=\u00bbon\u00bb][et_pb_text _builder_version=\u00bb3.18.9&#8243;]<\/p>\n<h2 style=\"text-align: justify;\"><strong>Mariano Exequiel Mej\u00eda Esquives<\/strong><\/h2>\n<h3 style=\"text-align: justify;\">Director de Consultor\u00eda<\/h3>\n<ul>\n<li style=\"text-align: justify;\">Maestr\u00eda en Producci\u00f3n Agr\u00edcola, Universidad Agraria La Molina, Lima, Per\u00fa.<\/li>\n<li style=\"text-align: justify;\">Ingeniero Agr\u00f3nomo, Universidad Nacional Pedro Ru\u00edz Gallo, Lambayeque, Per\u00fa.<\/li>\n<li style=\"text-align: justify;\">Diplomado en Planeamiento y Producci\u00f3n Agr\u00edcola, Munich Alemania.<\/li>\n<li style=\"text-align: justify;\">Consultor en Gesti\u00f3n, Administraci\u00f3n y Supervisi\u00f3n de Proyectos de Desarrollo Agr\u00edcola.<\/li>\n<li style=\"text-align: justify;\">Director de Desarrollo Rural CARE-PER\u00da \u2013 La Libertad.<\/li>\n<li style=\"text-align: justify;\">Ex Director de Transferencia de Tecnolog\u00eda en el Instituto Nacional de Investigaci\u00f3n y Promoci\u00f3n Agraria \u2013 INIPA<\/li>\n<\/ul>\n<p>[\/et_pb_text][\/et_pb_column][\/et_pb_row][et_pb_row _builder_version=\u00bb3.18.9&#8243;][et_pb_column type=\u00bb2_5&#8243; _builder_version=\u00bb3.18.9&#8243; parallax=\u00bboff\u00bb parallax_method=\u00bbon\u00bb][et_pb_image src=\u00bbhttps:\/\/venturasmart.com\/mejiaesquives\/wp-content\/uploads\/2020\/01\/rodolfo.png\u00bb _builder_version=\u00bb3.18.9&#8243; custom_margin=\u00bb0px||\u00bb max_width=\u00bb62%\u00bb][\/et_pb_image][\/et_pb_column][et_pb_column type=\u00bb3_5&#8243; _builder_version=\u00bb3.18.9&#8243; parallax=\u00bboff\u00bb parallax_method=\u00bbon\u00bb][et_pb_text _builder_version=\u00bb3.18.9&#8243;]<\/p>\n<h2><strong>Rodolfo Humberto Mej\u00eda Esquives<\/strong><\/h2>\n<h3>Director de Asesor\u00eda<\/h3>\n<ul>\n<li>Maestr\u00eda en Docencia Universitaria. Universidad Nacional Pedro Ru\u00edz Gallo de Lambayeque.<\/li>\n<li>Contador P\u00fablico, Universidad Nacional de Trujillo,<\/li>\n<li>Abogado, Universidad Nacional Pedro Ru\u00edz Gallo de Lambayeque.<\/li>\n<li>Asesor y Consultor Tributario y Legal.<\/li>\n<li>Docente universitario de Pre-Grado y<\/li>\n<li>Postgrado de la Universidad Nacional Pedro Ru\u00edz Gallo de Lambayeque.<\/li>\n<li>Past Decano del Colegio de Contadores P\u00fablicos de Lambayeque.<\/li>\n<\/ul>\n<p>[\/et_pb_text][\/et_pb_column][\/et_pb_row][\/et_pb_section][et_pb_section fb_built=\u00bb1&#8243; _builder_version=\u00bb3.18.9&#8243; background_color=\u00bb#00224c\u00bb][et_pb_row padding_left_1=\u00bb80px\u00bb _builder_version=\u00bb3.18.9&#8243; background_color=\u00bbrgba(255,255,255,0.71)\u00bb animation_direction=\u00bbleft\u00bb][et_pb_column type=\u00bb2_5&#8243; _builder_version=\u00bb3.18.9&#8243; padding_left=\u00bb80px\u00bb parallax=\u00bboff\u00bb parallax_method=\u00bbon\u00bb][et_pb_image src=\u00bbhttps:\/\/venturasmart.com\/mejiaesquives\/wp-content\/uploads\/2020\/01\/valores_250.png\u00bb _builder_version=\u00bb3.18.9&#8243; max_width=\u00bb59%\u00bb custom_padding=\u00bb|||50px\u00bb][\/et_pb_image][\/et_pb_column][et_pb_column type=\u00bb3_5&#8243; _builder_version=\u00bb3.18.9&#8243; parallax=\u00bboff\u00bb parallax_method=\u00bbon\u00bb][et_pb_cta title=\u00bbVISION\u00bb button_text=\u00bbClick Here\u00bb _builder_version=\u00bb3.18.9&#8243; header_font=\u00bb|800|||||||\u00bb header_text_color=\u00bb#000000&#8243; body_font=\u00bb|600|||||||\u00bb body_text_color=\u00bb#000000&#8243; body_font_size=\u00bb21px\u00bb use_background_color=\u00bboff\u00bb custom_padding=\u00bb|40px||0px\u00bb]<\/p>\n<p style=\"text-align: justify;\">Ser l\u00edderes brindando servicios de calidad, garant\u00eda y confianza a las empresas y de esta manera contribuir al desarrollo y a la consolidaci\u00f3n del crecimiento de la Regi\u00f3n Norte del Pa\u00eds.<\/p>\n<p>[\/et_pb_cta][\/et_pb_column][\/et_pb_row][et_pb_row custom_padding=\u00bb|||30px\u00bb _builder_version=\u00bb3.18.9&#8243; background_color=\u00bbrgba(255,255,255,0.41)\u00bb][et_pb_column type=\u00bb3_5&#8243; _builder_version=\u00bb3.18.9&#8243; parallax=\u00bboff\u00bb parallax_method=\u00bbon\u00bb][et_pb_cta title=\u00bbMISION\u00bb button_text=\u00bbClick Here\u00bb _builder_version=\u00bb3.18.9&#8243; header_font=\u00bb|800|||||||\u00bb header_text_color=\u00bb#000000&#8243; body_font=\u00bb|600|||||||\u00bb body_text_color=\u00bb#000000&#8243; body_font_size=\u00bb21px\u00bb use_background_color=\u00bboff\u00bb custom_padding=\u00bb|40px||0px\u00bb]<\/p>\n<p style=\"text-align: justify;\">Brindar servicios de calidad dando valor agregado que permita mejorar la gesti\u00f3n y determinar los riesgos a que est\u00e1n expuestos nuestros clientes, ayud\u00e1ndolos en la toma de decisiones.<\/p>\n<p>[\/et_pb_cta][\/et_pb_column][et_pb_column type=\u00bb2_5&#8243; _builder_version=\u00bb3.18.9&#8243; parallax=\u00bboff\u00bb parallax_method=\u00bbon\u00bb][et_pb_image src=\u00bbhttps:\/\/venturasmart.com\/mejiaesquives\/wp-content\/uploads\/2020\/01\/Consultoria_2.jpg\u00bb _builder_version=\u00bb3.18.9&#8243; max_width=\u00bb59%\u00bb custom_padding=\u00bb|||50px\u00bb][\/et_pb_image][\/et_pb_column][\/et_pb_row][et_pb_row padding_left_1=\u00bb80px\u00bb _builder_version=\u00bb3.18.9&#8243; background_color=\u00bbrgba(255,255,255,0.71)\u00bb animation_direction=\u00bbleft\u00bb][et_pb_column type=\u00bb2_5&#8243; _builder_version=\u00bb3.18.9&#8243; padding_left=\u00bb80px\u00bb parallax=\u00bboff\u00bb parallax_method=\u00bbon\u00bb][et_pb_image src=\u00bbhttps:\/\/venturasmart.com\/mejiaesquives\/wp-content\/uploads\/2020\/01\/clientes05_250x150.png\u00bb force_fullwidth=\u00bbon\u00bb _builder_version=\u00bb3.18.9&#8243; custom_margin=\u00bb40px||0px\u00bb custom_padding=\u00bb|||0px\u00bb][\/et_pb_image][\/et_pb_column][et_pb_column type=\u00bb3_5&#8243; _builder_version=\u00bb3.18.9&#8243; parallax=\u00bboff\u00bb parallax_method=\u00bbon\u00bb][et_pb_cta title=\u00bbVALORES\u00bb _builder_version=\u00bb3.18.9&#8243; header_font=\u00bb|800|||||||\u00bb header_text_color=\u00bb#000000&#8243; body_font=\u00bb|600|||||||\u00bb body_text_color=\u00bb#000000&#8243; body_font_size=\u00bb21px\u00bb use_background_color=\u00bboff\u00bb custom_padding=\u00bb|40px||0px\u00bb]<\/p>\n<p style=\"text-align: justify;\"><strong>Trabajo en Equipo:<\/strong> <span style=\"color: #333333;\">Buscamos formar relaciones s\u00f3lidas, respeto y compartir conocimientos, experiencia, recursos y oportunidades entre nuestro talento y clientes.<\/span><\/p>\n<p style=\"text-align: justify;\"><strong>Liderazgo:<\/strong> <span style=\"color: #333333;\">Actuamos con el ejemplo, de tal forma que demuestre lo que esperamos ver en nuestro equipo y clientes.<\/span><\/p>\n<p style=\"text-align: justify;\"><strong>Integridad:<\/strong> <span style=\"color: #333333;\">Desarrollamos un alto sentido de independencia y confianza enfocados en cultivar la unificaci\u00f3n de valores que nos impulsan a alcanzar cada meta.<\/span><\/p>\n<p style=\"text-align: justify;\"><strong>Compromiso:<\/strong> <span style=\"color: #333333;\">Cada trabajo que realizamos lo efectuamos con eficiencia y eficacia, generando valor agregado y comprometidos a lograr lo mejor para nuestros clientes.<\/span><\/p>\n<p>[\/et_pb_cta][\/et_pb_column][\/et_pb_row][\/et_pb_section]<\/p>\n","protected":false},"excerpt":{"rendered":"<p>[et_pb_section fb_built=\u00bb1&#8243; fullwidth=\u00bbon\u00bb _builder_version=\u00bb3.18.9&#8243;][et_pb_fullwidth_image src=\u00bbhttps:\/\/venturasmart.com\/mejiaesquives\/wp-content\/uploads\/2020\/01\/nosotros_1000x333.png\u00bb _builder_version=\u00bb3.18.9&#8243;][\/et_pb_fullwidth_image][\/et_pb_section][et_pb_section fb_built=\u00bb1&#8243; _builder_version=\u00bb3.18.9&#8243; background_color=\u00bb#ffffff\u00bb][et_pb_row _builder_version=\u00bb3.18.9&#8243;][et_pb_column type=\u00bb3_5&#8243; _builder_version=\u00bb3.18.9&#8243; parallax=\u00bboff\u00bb parallax_method=\u00bbon\u00bb][et_pb_text _builder_version=\u00bb3.18.9&#8243; text_font=\u00bb|600|||||||\u00bb text_text_color=\u00bb#000000&#8243; text_font_size=\u00bb17px\u00bb header_font=\u00bb|800|||||||\u00bb] Mej\u00eda Esquives y Asociados, somos una Sociedad de Auditor\u00eda y Consultor\u00eda con 39 a\u00f1os de experiencia, constituida en la ciudad de Trujillo, en el a\u00f1o 1981, brindando nuestros servicios en el pa\u00eds. Para cumplir nuestros prop\u00f3sitos [&hellip;]<\/p>\n","protected":false},"author":1,"featured_media":0,"parent":0,"menu_order":0,"comment_status":"closed","ping_status":"closed","template":"","meta":{"_et_pb_use_builder":"on","_et_pb_old_content":"","footnotes":""},"class_list":["post-59","page","type-page","status-publish","hentry"],"_links":{"self":[{"href":"https:\/\/venturasmart.com\/mejiaesquives\/wp-json\/wp\/v2\/pages\/59","targetHints":{"allow":["GET"]}}],"collection":[{"href":"https:\/\/venturasmart.com\/mejiaesquives\/wp-json\/wp\/v2\/pages"}],"about":[{"href":"https:\/\/venturasmart.com\/mejiaesquives\/wp-json\/wp\/v2\/types\/page"}],"author":[{"embeddable":true,"href":"https:\/\/venturasmart.com\/mejiaesquives\/wp-json\/wp\/v2\/users\/1"}],"replies":[{"embeddable":true,"href":"https:\/\/venturasmart.com\/mejiaesquives\/wp-json\/wp\/v2\/comments?post=59"}],"version-history":[{"count":19,"href":"https:\/\/venturasmart.com\/mejiaesquives\/wp-json\/wp\/v2\/pages\/59\/revisions"}],"predecessor-version":[{"id":299,"href":"https:\/\/venturasmart.com\/mejiaesquives\/wp-json\/wp\/v2\/pages\/59\/revisions\/299"}],"wp:attachment":[{"href":"https:\/\/venturasmart.com\/mejiaesquives\/wp-json\/wp\/v2\/media?parent=59"}],"curies":[{"name":"wp","href":"https:\/\/api.w.org\/{rel}","templated":true}]}}